 the prime factors of j?
3
Suppose -4*z - 2*w - 2 = -0*z, z = -4*w - 4. Let g = 10 - 8. Suppose z = 4*l - g*l - 4*j - 8, 0 = 4*l + 5*j - 68. List the prime factors of l.
2, 3
Suppose 0 = 2*d - 1055 - 83. List the prime factors of d.
569
Suppose 48 = -4*w - 0*w. Let b = -216 - -224. List the prime factors of (w/10)/(b/(-260)).
3, 13
Let q = 82 - 72. Let w = q + 34. List the prime factors of w.
2, 11
Suppose -5*y = -1797 - 8958. List the prime factors of y.
3, 239
List the prime factors of 3 - (-11)/((-11)/(-1060))*2.
11, 193
Let d = 825 - 577. Suppose 10*i + d = 14*i. List the prime factors of i.
2, 31
List the prime factors of 2/7 - (-510656)/224.
2, 3, 5, 19
Suppose 4*u + 27 = 71. List the prime factors of ((-1)/(-2))/(u/66).
3
Let f(h) = 3*h + 435. List the prime factors of f(0).
3, 5, 29
Suppose g - 12 + 56 = -2*j, 56 = -3*j - 4*g. Suppose -176 = -3*o - 4*a, -2*o + 115 = -2*a + 7*a. What are the prime factors of (o/j)/((-2)/20)?
5
Let i = -90 + 3141. What are the prime factors of i?
3, 113
Let i be 1045/3 - (-7)/(-21). Suppose 4*o = -5*k + 476, -k - 5*o - i = -5*k. List the prime factors of k.
2, 23
What are the prime factors of 7*(4 - 81/21)*506?
2, 11, 23
Let x(z) = -8*z - 5. Let r be x(2). List the prime factors of (r - -21) + 0 + 142.
2, 71
Let t(u) = 14*u**3 - 3*u**2 + 3*u. List the prime factors of t(4).
2, 5, 43
Let q(k) = -762*k**3 - 7*k**2 - 7*k - 1. What are the prime factors of q(-1)?
761
Let m be 18*6/42*(-189)/(-1). Suppose -m - 104 = -5*l. List the prime factors of l.
2, 59
Let s(c) = c**3 + 14*c**2 - 2*c + 21. What are the prime factors of s(10)?
7
Let v(n) be the first derivative of -n**3/3 - 7*n**2/2 - 6*n - 79. Let u be (8/(-6))/(1/3). What are the prime factors of v(u)?
2, 3
Let m be 4 + -4 - -2 - 3. List the prime factors of (336/(-3))/m - 4.
2, 3
Suppose -4*r - 3*y = -2*r - 373, 5*y + 5 = 0. Suppose 7*h = -2*t + 4*h + r, 0 = t + h - 96. What are the prime factors of t?
2, 5
Let d(j) = j**3 + 11*j**2 - 10*j - 16. Let p be d(-11). Let n = 162 - p. What are the prime factors of n?
2, 17
Let s(u) = 20*u**3 - 8*u**2 + 5*u - 10. List the prime factors of s(3).
11, 43
Let d be 2/5 - 278/(-5). Suppose 0 = 5*p - 7*p + d. What are the prime factors of p?
2, 7
Suppose -3*m - 15*a + 5385 = -12*a, 3*m - 4*a = 5392. What are the prime factors of m?
2, 449
Let c(a) = 11*a + 419. List the prime factors of c(31).
2, 5, 19
Let v be (-3 - -1)/(2/10). What are the prime factors of ((-30)/(-6))/((-2)/v)?
5
Suppose -28 = -3*n + q - 9, -3*n + 5*q = -11. Let p be -1*12/4 + n. Suppose -119 = -5*h - 5*g + 191, p*g + 52 = h. List the prime factors of h.
2, 3, 5
Let c(h) = -h**3 - 7*h**2 - 7*h - 8. Let a be c(-6). Let p(y) = -y**3 - 5*y**2 - 4*y - 2. Let i be p(a). Let r = 24 + i. List the prime factors of r.
2, 3
Suppose 30 = 5*j - 30. Let m be (j/10)/((-27)/(-450)). What are the prime factors of (-14 - -8)/((-2)/m)?
2, 3, 5
Let c = 36 + -24. Let w(l) = l - 4. Let p be w(c). List the prime factors of (-595)/(-20) - (-2)/p.
2, 3, 5
Let q be 0 + (-3 - 30/(-5)). Suppose -2*z + 4*n = -16, 32 = q*z + z + n. List the prime factors of z.
2
Let g = 51 - 43. Suppose -4*r - g = -b + 52, 2*b - 2*r = 96. What are the prime factors of b?
2, 11
List the prime factors of -25 + 22 - (2 + 9)*-271.
2, 1489
Suppose 91 = -2*g + g. List the prime factors of (-26)/g + 1237/7.
3, 59
Let b = 314 + -145. What are the prime factors of b?
13
Let u(g) = g**3 - 5*g**2 - 18*g + 4. Let y be u(7). Let f = 46 + y. What are the prime factors of f?
2, 11
Let j = -1 - -11. Suppose -w - j - 8 = 0. What are the prime factors of (-158)/(-22) + w/99?
7
Let p = 3509 - 1057. List the prime factors of p.
2, 613
Let j(w) = 5*w**2 + 4*w + 5. Let c(f) = -8*f**2 - 6*f - 9. Let p(b) = 3*c(b) + 5*j(b). Let l = 7 - 11. List the prime factors of p(l).
2, 3
What are the prime factors of (-4)/1 + (537 - (1 - 1))?
13, 41
Let i be 7320/(-18)*(-1 - (-2)/(-1)). Suppose -2*x - i = -12*x. List the prime factors of x.
2, 61
Suppose 0 = i + 3*y - 2406, -3*y = -3*i - 6*y + 7248. List the prime factors of i.
3, 269
Suppose -10 = 5*l, -4*l - 10 = -d + 1. Suppose -d*m - 29 = -188. What are the prime factors of m?
53
Suppose 0*r = -4*r - 5*u + 166, -3*r + 138 = -3*u. Let a = r - -33. What are the prime factors of a?
7, 11
Suppose -1557 = a - 3*a - 5*t, -2*a + 1563 = -t. What are the prime factors of a?
11, 71
Let r be 3 - (3 + 4 + 3). Let t = r + 9. Suppose -7*n + 15 = -2*n, 3*d - 96 = -t*n. What are the prime factors of d?
2, 3, 5
Suppose 5*o - 240 - 600 = -5*a, -2*a + 4 = 0. Let l = -26 + o. Suppose -l = -4*b + 48. List the prime factors of b.
47
Let y(s) = 42*s - 88. What are the prime factors of y(29)?
2, 5, 113
Suppose -74 = -4*g + 78. Let d = 58 - g. Suppose 9*k = 5*k + d. List the prime factors of k.
5
Suppose -4*v - v - 52 = -2*x, 2*v = -x + 17. Suppose -x = 3*m - 10*m. What are the prime factors of (0 - -3 - m) + 58?
2, 29
Suppose -5*h + 10 = -15. Suppose 0*n = -2*f - 3*n - 186, 0 = -h*f + 3*n - 465. What are the prime factors of (f/(-6))/(1/2)?
31
Let p(n) = 66*n - 232. What are the prime factors of p(34)?
2, 503
Let l(a) = a**2 + 7*a - 1. Let o be l(-8). Let c be (-4)/8*-8 - o. List the prime factors of 53 + (-2 - -7) + c.
5, 11
Suppose 2*k = -5*p + k + 15, -3*p - 5*k = 13. Suppose 4*c + 124 = 4*b + c, 3*c - 100 = -p*b. List the prime factors of b.
2, 7
Let w = 242 + -193. What are the prime factors of w?
7
Suppose 3*k = 8*k. Suppose 0 = n + 149 - 151. Suppose n*s = -k*s + 84. List the prime factors of s.
2, 3, 7
Let m = 2768 + -1686. What are the prime factors of m?
2, 541
Let w = -17 + 21. Suppose w*a - 4*c = 3*a + 58, -4 = 2*c. Let l = -29 + a. What are the prime factors of l?
3, 7
Let t(w) = 3*w**2 + w. Let l be t(1). Suppose -5*s - 31 = l*v + 124, -2*s + 2*v - 62 = 0. Let r = 1 - s. What are the prime factors of r?
2
Let j = -41 + 50. Suppose j*i - 4*i - 535 = 0. List the prime factors of i.
107
Let j be (-59)/10*2 + (-4)/(-5). Let g(d) = 3*d**2 + 23*d + 13. List the prime factors of g(j).
3, 41
Let l(n) = -n**2 - 66*n + 63. What are the prime factors of l(0)?
3, 7
Let w be (-4)/(-18) - 6/27. Let a(h) = 2*h + 23. Let q be a(-3). Let c = q + w. What are the prime factors of c?
17
Let f(q) = -2*q + 1. Let h be f(-12). Suppose -20*w + h*w = 520. List the prime factors of w.
2, 13
Let g = -170 + 168. Let o be 1/(-4) - (-57)/4. List the prime factors of o + (8/g)/(-2).
2
Let w(k) = -k**3 - 18*k**2 + 51*k - 17. List the prime factors of w(-21).
5, 47
Let q be -103 + 0 + (-3)/(-3). Let b = 52 + q. Let z = b + 70. What are the prime factors of z?
2, 5
Let i = -52 + 55. Suppose -4*r + q = -0*r - 6, -5*q = -r - 8. Suppose -i*z + 115 = r*z. List the prime factors of z.
23
What are the prime factors of (-66)/10*(-435)/3?
3, 11, 29
Let p be (-5)/1*(-56)/40. Let z = -3 + p. Suppose 126 = z*v + 2*o, -3*v + 39 + 57 = 3*o. What are the prime factors of v?
31
What are the prime factors of 1 + 5 + 129 + -4?
131
Suppose 4*o + 4*i = 16, -5*o = -3*i + 5 - 17. Suppose 4*v + 5*r - 13 = 0, -2*r + o = 5*v - 9. Let k = v - -14. What are the prime factors of k?
2
Suppose -y + 4 = 9, 2*f - 1691 = 3*y. Let a be 2/8 + f/8. Suppose 3*g + a = 6*g. What are the prime factors of g?
5, 7
Suppose t + 5 = -4*t, 4*y = 5*t + 18853. Suppose 25*j = 6*j + y. What are the prime factors of j?
2, 31
Let z = -73 + 34. Let s = -23 - z. List the prime factors of (-36)/s*1*-12.
3
Suppose -t = -2*t + 58. Suppose d = -3, -d = 3*f - 20 - t. What are the prime factors of f?
3
Let a(o) = -3*o**2 + 3*o**3 + 25*o**2 + 104 - 103 + 3*o. List the prime factors of a(-7).
29
Let o = -39 - -43. List the prime factors of o/(-1) + (-1672)/(-22).
2, 3
Let v = 22 + -19. Suppose r + 76 = v*r. What are the prime factors of r?
2, 19
Let l(t) be the second derivative of t**5/12 - t**4/8 - t**3/2 - 3*t**2 - 8*t. Let m(r) be the first derivative of l(r). What are the prime factors of m(-2)?
23
Let t(g) = -10 - 2*g - g - 13. Let n be (-22)/(1/(-3)*-6). List the prime factors of t(n).
2, 5
List the prime factors of 1/((-4)/3394*(-1)/2).
1697
Suppose -5*g = -25, 2*a = -0*g + g + 17. Suppose -15 = 6*c - a*c. Suppose 6*q = q - c*l + 46, 9 = -3*l. What are the prime factors of q?
11
Let j = 362 - 317. What are the prime factors of j?
3, 5
Suppose 4*b + 763 = k - 179, 